{"id":14,"date":"2017-03-02T14:35:59","date_gmt":"2017-03-02T14:35:59","guid":{"rendered":"http:\/\/imagecoaching.de\/?page_id=14"},"modified":"2024-02-05T09:34:01","modified_gmt":"2024-02-05T09:34:01","slug":"reputationsmarketing","status":"publish","type":"page","link":"https:\/\/imagecoaching.de\/?page_id=14","title":{"rendered":"KitaSupervision"},"content":{"rendered":"<h2>Supervision kl\u00e4rt<\/h2>\n<p>Mit Supervision Wege und L\u00f6sungen gestalten in Berlin und Brandenburg.<\/p>\n<p>Im beruflichen und privaten Mit- und Gegeneinander haben Menschen immer gute Gr\u00fcnde f\u00fcr das, was sie tun oder lassen.<\/p>\n<p>Wie k\u00f6nnen Sie f\u00fcr sich und mit Anderen Ziele umsetzen, Aufgaben bearbeiten, sich wohl f\u00fchlen?<\/p>\n<p>Selbst- und Team-Reflektion, andere Perspektiven kennenlernen, professionelle Qualit\u00e4t sichern und weiterentwickeln.<\/p>\n<p>Nehmen Sie Kontakt auf f\u00fcr einen Austausch zu Ihren Anliegen und Themen.<br \/>\nSie erfahren alles Wichtige zu Rahmenbedingungen, Inhalten, Methoden und Kosten.<\/p>\n","protected":false},"excerpt":{"rendered":"<p>Supervision kl\u00e4rt Mit Supervision Wege und L\u00f6sungen gestalten in Berlin und Brandenburg. Im beruflichen und privaten Mit- und Gegeneinander haben Menschen immer gute Gr\u00fcnde f\u00fcr das, was sie tun oder lassen. Wie k\u00f6nnen Sie f\u00fcr sich und mit Anderen Ziele umsetzen, Aufgaben bearbeiten, sich wohl f\u00fchlen? Selbst- und Team-Reflektion, andere Perspektiven kennenlernen, professionelle Qualit\u00e4t sichern &hellip; <a href=\"https:\/\/imagecoaching.de\/?page_id=14\" class=\"more-link\"><span class=\"screen-reader-text\">\u201eKitaSupervision\u201c <\/span>weiterlesen<\/a><\/p>\n","protected":false},"author":1,"featured_media":0,"parent":0,"menu_order":1,"comment_status":"closed","ping_status":"closed","template":"","meta":{"footnotes":""},"_links":{"self":[{"href":"https:\/\/imagecoaching.de\/index.php?rest_route=\/wp\/v2\/pages\/14"}],"collection":[{"href":"https:\/\/imagecoaching.de\/index.php?rest_route=\/wp\/v2\/pages"}],"about":[{"href":"https:\/\/imagecoaching.de\/index.php?rest_route=\/wp\/v2\/types\/page"}],"author":[{"embeddable":true,"href":"https:\/\/imagecoaching.de\/index.php?rest_route=\/wp\/v2\/users\/1"}],"replies":[{"embeddable":true,"href":"https:\/\/imagecoaching.de\/index.php?rest_route=%2Fwp%2Fv2%2Fcomments&post=14"}],"version-history":[{"count":8,"href":"https:\/\/imagecoaching.de\/index.php?rest_route=\/wp\/v2\/pages\/14\/revisions"}],"predecessor-version":[{"id":122,"href":"https:\/\/imagecoaching.de\/index.php?rest_route=\/wp\/v2\/pages\/14\/revisions\/122"}],"wp:attachment":[{"href":"https:\/\/imagecoaching.de\/index.php?rest_route=%2Fwp%2Fv2%2Fmedia&parent=14"}],"curies":[{"name":"wp","href":"https:\/\/api.w.org\/{rel}","templated":true}]}}

<h2>Supervision klärt</h2>
<p>Mit Supervision Wege und Lösungen gestalten in Berlin und Brandenburg.</p>
<p>Im beruflichen und privaten Mit- und Gegeneinander haben Menschen immer gute Gründe für das, was sie tun oder lassen.</p>
<p>Wie können Sie für sich und mit Anderen Ziele umsetzen, Aufgaben bearbeiten, sich wohl fühlen?</p>
<p>Selbst- und Team-Reflektion, andere Perspektiven kennenlernen, professionelle Qualität sichern und weiterentwickeln.</p>
<p>Nehmen Sie Kontakt auf für einen Austausch zu Ihren Anliegen und Themen.<br />
Sie erfahren alles Wichtige zu Rahmenbedingungen, Inhalten, Methoden und Kosten.</p>

<p>Supervision klärt Mit Supervision Wege und Lösungen gestalten in Berlin und Brandenburg. Im beruflichen und privaten Mit- und Gegeneinander haben Menschen immer gute Gründe für das, was sie tun oder lassen. Wie können Sie für sich und mit Anderen Ziele umsetzen, Aufgaben bearbeiten, sich wohl fühlen? Selbst- und Team-Reflektion, andere Perspektiven kennenlernen, professionelle Qualität sichern &hellip; <a href="https://imagecoaching.de/?page_id=14" class="more-link"><span class="screen-reader-text">„KitaSupervision“ </span>weiterlesen</a></p>
